{"id":2,"date":"2023-03-09T14:20:48","date_gmt":"2023-03-09T17:20:48","guid":{"rendered":"http:\/\/estrategiaeanalise.com.br\/?page_id=2"},"modified":"2023-04-05T16:28:53","modified_gmt":"2023-04-05T19:28:53","slug":"pagina-exemplo","status":"publish","type":"page","link":"https:\/\/estrategiaeanalise.com.br\/?page_id=2","title":{"rendered":"Quem Somos"},"content":{"rendered":"<div class=\"wp-block-image\">\n<figure class=\"alignleft size-full\"><img loading=\"lazy\" decoding=\"async\" width=\"200\" height=\"200\" src=\"https:\/\/estrategiaeanalise.com.br\/wp-content\/uploads\/2023\/03\/open-uri20200201-32280-2wgsqg.jpg\" alt=\"\" class=\"wp-image-11872\" srcset=\"https:\/\/estrategiaeanalise.com.br\/wp-content\/uploads\/2023\/03\/open-uri20200201-32280-2wgsqg.jpg 200w, https:\/\/estrategiaeanalise.com.br\/wp-content\/uploads\/2023\/03\/open-uri20200201-32280-2wgsqg-150x150.jpg 150w\" sizes=\"auto, (max-width: 200px) 100vw, 200px\" \/><figcaption class=\"wp-element-caption\"><strong>Bruno Lima Rocha<\/strong>  <p>contatoestrategiaeanalise@gmail.com<br>blimarocha@gmail.com<\/p>   <p><a href=\"https:\/\/www.facebook.com\/blimarocha\">Facebook<\/a><\/p><a rel=\"noreferrer noopener\" style=\"font-size: revert;\" href=\"http:\/\/buscatextual.cnpq.br\/buscatextual\/visualizacv.do?id=K4798747Y7\" target=\"_blank\">Curr\u00edculo Lattes<\/a> <\/figcaption><\/figure>\n<\/div>\n\n\n<p>Formado em jornalismo pela UFRJ, mestre e doutor em ci\u00eancia pol\u00edtica pela UFRGS, fez dois anos de est\u00e1gio p\u00f3s doutoral em economia pol\u00edtica internacional tamb\u00e9m na UFRGS. Iniciou sua vida pol\u00edtica ainda secundarista, em 1988. Concentra seu trabalho nas \u00e1reas de movimentos populares, organiza\u00e7\u00f5es pol\u00edticas, an\u00e1lise estrat\u00e9gica, estudos de seguran\u00e7a e defesa (interna e externa), cr\u00edtica da m\u00eddia e economia pol\u00edtica internacional.<\/p>\n\n\n\n<p>\u00c9 presen\u00e7a constante na m\u00eddia brasileira e estrangeira, participando em m\u00e9dia semanal de entrevistas ao vivo para ve\u00edculos da Am\u00e9rica Latina, Oriente M\u00e9dio e Eur\u00e1sia. Trabalha como jornalista, analista pol\u00edtico, docente universit\u00e1rio e pesquisador.<\/p>\n","protected":false},"excerpt":{"rendered":"<p>Formado em jornalismo pela UFRJ, mestre e doutor em ci\u00eancia pol\u00edtica pela UFRGS, fez dois anos de est\u00e1gio p\u00f3s doutoral em economia pol\u00edtica internacional tamb\u00e9m na UFRGS. Iniciou sua vida pol\u00edtica ainda secundarista, em 1988. Concentra seu trabalho nas \u00e1reas de movimentos populares, organiza\u00e7\u00f5es pol\u00edticas, an\u00e1lise estrat\u00e9gica, estudos de seguran\u00e7a e defesa (interna e externa), [&hellip;]<\/p>\n","protected":false},"author":1,"featured_media":0,"parent":0,"menu_order":0,"comment_status":"closed","ping_status":"open","template":"","meta":{"footnotes":""},"class_list":["post-2","page","type-page","status-publish","hentry"],"_links":{"self":[{"href":"https:\/\/estrategiaeanalise.com.br\/index.php?rest_route=\/wp\/v2\/pages\/2","targetHints":{"allow":["GET"]}}],"collection":[{"href":"https:\/\/estrategiaeanalise.com.br\/index.php?rest_route=\/wp\/v2\/pages"}],"about":[{"href":"https:\/\/estrategiaeanalise.com.br\/index.php?rest_route=\/wp\/v2\/types\/page"}],"author":[{"embeddable":true,"href":"https:\/\/estrategiaeanalise.com.br\/index.php?rest_route=\/wp\/v2\/users\/1"}],"replies":[{"embeddable":true,"href":"https:\/\/estrategiaeanalise.com.br\/index.php?rest_route=%2Fwp%2Fv2%2Fcomments&post=2"}],"version-history":[{"count":15,"href":"https:\/\/estrategiaeanalise.com.br\/index.php?rest_route=\/wp\/v2\/pages\/2\/revisions"}],"predecessor-version":[{"id":11939,"href":"https:\/\/estrategiaeanalise.com.br\/index.php?rest_route=\/wp\/v2\/pages\/2\/revisions\/11939"}],"wp:attachment":[{"href":"https:\/\/estrategiaeanalise.com.br\/index.php?rest_route=%2Fwp%2Fv2%2Fmedia&parent=2"}],"curies":[{"name":"wp","href":"https:\/\/api.w.org\/{rel}","templated":true}]}}